
Let i(p) = -13*p**3 - p**2 - 2*p - 1. Let c(u) = 7*u + 14. What is the remainder when c(3) is divided by i(-1)?
9
Suppose -o = -5*o + 100. Let d = o + -4. Suppose 5*r - 55 = -0*r. Calculate the remainder when d is divided by r.
10
Suppose -4*u + 0*x = 4*x + 100, 5*u + x = -137. Let k = -9 - u. What is the remainder when k is divided by 11?
8
Let t = 39 - 32. Suppose -g + 5*w = 2 + 6, 4*g - 16 = -4*w. Suppose 118 = 7*d - 3*d + g*o, 4*o = -d + 47. What is the remainder when d is divided by t?
6
Suppose -3*x = -v - 66 - 14, -5*x - 5*v + 100 = 0. What is the remainder when x is divided by 14?
11
Let p(f) = f**3 + 12*f**2 - 12*f + 15. Let g be p(-13). What is the remainder when (2 + -1)*0 - -2 is divided by -3*(2/(-3))/g?
0
Let q be 125/3 + (-1)/(-3). Suppose -q = -5*s + 2*s. Calculate the remainder when 26 is divided by s.
12
What is the remainder when ((-3)/9)/((52/168)/(-13)) is divided by 7?
0
Let n(u) = -5*u + 1. What is the remainder when 7 is divided by n(-1)?
1
Let h = 119 + -51. Let o = h + -45. What is the remainder when o is divided by 8*(-3 + 27/6)?
11
Suppose 0*u + 132 = 4*u. Suppose -2*f + 5*f - u = 0. Calculate the remainder when 20 is divided by f.
9
Let j = -38 + 71. Suppose -6*d - j = -d - 2*o, -5*o = 4*d. What is the remainder when 16 is divided by (13 - -2)*(-3)/d?
7
Let b(p) = 4*p - 9. What is the remainder when 30 is divided by b(5)?
8
Calculate the remainder when 25 is divided by (-3 + 15/10)*(-8 - -2).
7
Let f = 34 + -24. What is the remainder when f is divided by 5?
0
Let d = 5 - -81. Calculate the remainder when d is divided by 32.
22
Let v(g) = g**2 - 2*g - 6. Suppose 6*r + 5*j = 2*r + 23, -r + 14 = 4*j. Calculate the remainder when v(4) is divided by r.
0
Let c(n) = -n**2 - 6*n - 9. Let r be c(-6). Let o be (-3 - 6/(-2)) + 15. Let u = o + r. Calculate the remainder when 21 is divided by u.
3
Let q be (20/(-6))/(4/(-6)). Suppose 3*p + j - 73 = 0, p + q*j = j + 39. Suppose -2 = 3*g - p. What is the remainder when 13 is divided by g?
6
Let w = 25 + -36. Let k be (10 - 14)/((-2)/11). Let d = w + k. Calculate the remainder when d is divided by 3.
2
Suppose -p = -26 - 42. Suppose -4*f + 2*o + p = 0, 51 = 3*f + 3*o - 0. What is the remainder when f is divided by 10?
7
Let o(u) = -4*u**3 - 4*u**2 - 3*u. What is the remainder when 63 is divided by o(-2)?
19
Let g(q) = -5*q**2 + 4*q + 5. Let j be g(-4). Let b = j + 149. Let l(y) = y**3 + 3*y**2 - 5*y + 16. Calculate the remainder when b is divided by l(-4).
18
Calculate the remainder when 105/3 + 3 + 0/4 is divided by 14.
10
Suppose -2*r - 81 = r. Let l = 47 + r. Calculate the remainder when 79 is divided by l.
19
Let c(t) = 3*t + 16. What is the remainder when 23 is divided by c(-4)?
3
Let s = -37 + 55. Suppose -4*f - 3*a - 37 = -1, -a - 8 = f. What is the remainder when (-405)/f + (-2)/(-8) is divided by s?
16
Let o(l) be the first derivative of l**2/2 - 2*l - 2. Let k be o(-2). Calculate the remainder when 1 + (k - -2) + 45 is divided by 15.
14
Suppose -4*y + 0*a - 2*a - 126 = 0, 3*a + 15 = 0. Let j = -20 - y. Suppose -125 = -j*k + 4*k. Calculate the remainder when k is divided by 9.
7
Let w(a) = 2*a**2 - 7*a - 8. Let j be -5*((-18)/(-5))/(-3). What is the remainder when w(j) is divided by (-2 + -4 + -2)/(-1)?
6
Let c = 40 + -15. Calculate the remainder when 47 is divided by c.
22
Let u(p) be the first derivative of -p**4/4 + 10*p**3/3 - 7*p**2/2 + 18*p + 9. What is the remainder when u(9) is divided by 10?
6
Suppose -34 = 4*n + 14. Let t = 80 - n. What is the remainder when t is divided by 31?
30
Let n = 131 + -80. Suppose -3*s = 4*p - n, -4*s + 5*s + 23 = 2*p. Calculate the remainder when 47 is divided by p.
11
Let u = 79 + -73. Let i = -2 + 3. Suppose -h + i = -u. What is the remainder when 20 is divided by h?
6
Suppose 2*c + 0*c - 5*h + 20 = 0, -c - 3*h = -12. Suppose -3*n - 34 = -r, c = r - 5*n - 48 + 10. Calculate the remainder when r is divided by 50/4*32/40.
8
Suppose -i - 2*n = 3, i = -i - 3*n - 2. Suppose 3*d = -3*r + 2*r + 19, -i*d + 45 = 5*r. What is the remainder when 6 is divided by r?
2
Suppose 0 = -3*f + 96 + 141. What is the remainder when f is divided by 27?
25
Let f = 24 - 16. Let g = 3 - 1. Suppose -g*k + 2*p + 37 = 5*p, 3*p = 9. What is the remainder when k is divided by f?
6
Let q be (3/(-2))/(3/(-4)). Calculate the remainder when 7 is divided by q - (-1 + 1) - -1.
1
Let m = 5 - 1. Let k(z) = -10*z. Let t(w) = w. Let f be t(-1). Calculate the remainder when k(f) is divided by m.
2
Suppose 2*b + 4 = 2*x + 46, 0 = 2*x - 5*b + 42. Let c be (-72)/(4 + -2) - -2. Let t = x - c. Calculate the remainder when 38 is divided by t.
12
Let q = 13 + -8. Calculate the remainder when 14 is divided by q.
4
Suppose 0 = y - 34 + 2. What is the remainder when 93 is divided by y?
29
Let y(l) = 3*l - 4*l + 1 + 5. Let z be y(-6). Suppose -z + 76 = 4*a. What is the remainder when a is divided by 9?
7
Let g = 13 + -6. Suppose y + g = 2*y. Calculate the remainder when y is divided by 3.
1
Let o be (-3)/(-5) + (-804)/(-10). Let m = o - 43. What is the remainder when m is divided by (2 + 6/(-4))*26?
12
Suppose 4*q + 4*k - 3*k - 19 = 0, 4*q - 7 = 3*k. What is the remainder when 15 is divided by q?
3
Suppose -3*c - 34 + 154 = 0. What is the remainder when c is divided by 22?
18
Let k(q) = 3*q**2 + 6*q - 4*q**2 - 6 - 20*q. What is the remainder when k(-7) is divided by 15?
13
Let r = 65 - 7. What is the remainder when r is divided by 15?
13
Let z = 4 - -10. Suppose a - z = -a. What is the remainder when 13 is divided by a?
6
Calculate the remainder when (-1)/2*(-18 - 128) is divided by 19.
16
Suppose 4*m + 48 = 5*m. Let i = m + -10. What is the remainder when i is divided by 13?
12
Suppose -10 + 265 = q. Suppose 0 = -3*n - 2*n + q. Calculate the remainder when n is divided by 13.
12
Let w = 8 - -2. Suppose j + 0*j - 5 = 0. Calculate the remainder when ((-18)/w)/(1/(-5)) is divided by j.
4
Suppose 0 = -0*f - 4*f + 52. Suppose 0 = -r + 5*u - 7, -5*r + 43 = -2*r + u. Let i = r + -8. Calculate the remainder when f is divided by i.
3
Let c(s) = 9*s - 2. Let q = -55 - -33. Let k = 31 + q. Calculate the remainder when c(2) is divided by k.
7
Suppose -15 = 7*o - 8*o. What is the remainder when o is divided by 9?
6
Let n(l) = 7*l - 16. Calculate the remainder when n(7) is divided by 17.
16
Let j(k) be the second derivative of k**5/20 - k**4/12 + 11*k**2/2 + 2*k. Calculate the remainder when 32 is divided by j(0).
10
Suppose -v + 12 + 15 = 0. Suppose 0 = -a - 2*a + v. Suppose l - 2*d - 1 = 18, 4*d = -5*l + 137. Calculate the remainder when l is divided by a.
7
Let f = -5 + 21. Let t be (0/(-6 + 3))/(-1). Suppose -147 = -3*k + 3*j, t = 2*k - 4*j - 0*j - 104. What is the remainder when k is divided by f?
14
Let j(n) be the third derivative of -n**4/8 - 5*n**3/3 - 2*n**2. Calculate the remainder when j(-8) is divided by 5.
4
Suppose -4*m = 3*z - 0*z - 5, 2*m + 2*z - 2 = 0. Let d(h) = -2*h**3 - 4*h**3 + 0*h**3. What is the remainder when d(-1) is divided by m?
0
Let i be -2*(-1 - (-9)/(-6)). Suppose 150 = 3*h - i*f - 47, -4*h = 5*f - 286. Calculate the remainder when h is divided by 18.
15
Let q(n) = -n**3 + 8*n**2 - 6*n - 7. Let p be q(7). Suppose 7*f - 3*f - 96 = p. Calculate the remainder when f is divided by 9.
6
Let w(h) be the first derivative of 15*h**2 + 1. Calculate the remainder when w(1) is divided by 11.
8
Let u = 8 - 4. Let x = -2 + u. Suppose 0*r - 4*l + 10 = 3*r, -5*l + 5 = 0. What is the remainder when x is divided by r?
0
Let o = 55 - 28. Let n = 39 - o. Let c = -1 + 8. Calculate the remainder when n is divided by c.
5
Calculate the remainder when 17 is divided by (1/1)/(124/40 - 3).
7
Let i(p) = -p**2 - 15*p + 19. Let r(x) = 2*x**3 + x**2 + 2*x - 1. Let c be r(-3). Let h = c + 88. What is the remainder when h is divided by i(-15)?
17
Suppose -3*j = -4*y - 97, 5*j - 3*y + 90 - 259 = 0. What is the remainder when j is divided by 19?
16
Let t = 10 + -2. What is the remainder when t is divided by 3?
2
Let d = 50 + 0. Let m = -20 + d. Calculate the remainder when m is divided by (8/4)/2*16.
14
Let r = -59 + 86. What is the remainder when r is divided by 8?
3
What is the remainder when 4/(16/132) + 0 - 4 is divided by 15?
14
Let f(l) = 11*l - 7. Calculate the remainder when f(2) is 